{"id":784,"date":"2023-02-21T22:11:01","date_gmt":"2023-02-21T22:11:01","guid":{"rendered":"https:\/\/www.aega.ga\/?page_id=784"},"modified":"2023-02-22T00:10:39","modified_gmt":"2023-02-22T00:10:39","slug":"sabia-que","status":"publish","type":"page","link":"https:\/\/www.aega.pt\/?page_id=784","title":{"rendered":"Sabia que&#8230;"},"content":{"rendered":"\t\t<div data-elementor-type=\"wp-page\" data-elementor-id=\"784\" class=\"elementor elementor-784\">\n\t\t\t\t\t\t<section class=\"elementor-section elementor-top-section elementor-element elementor-element-c867ede elementor-section-boxed elementor-section-height-default elementor-section-height-default\" data-id=\"c867ede\" data-element_type=\"section\" data-e-type=\"section\">\n\t\t\t\t\t\t<div class=\"elementor-container elementor-column-gap-default\">\n\t\t\t\t\t<div class=\"elementor-column elementor-col-100 elementor-top-column elementor-element elementor-element-64fc23a\" data-id=\"64fc23a\" data-element_type=\"column\" data-e-type=\"column\">\n\t\t\t<div class=\"elementor-widget-wrap elementor-element-populated\">\n\t\t\t\t\t\t<div class=\"elementor-element elementor-element-ef1a055 elementor-widget elementor-widget-heading\" data-id=\"ef1a055\" data-element_type=\"widget\" data-e-type=\"widget\" data-widget_type=\"heading.default\">\n\t\t\t\t<div class=\"elementor-widget-container\">\n\t\t\t\t\t<h2 class=\"elementor-heading-title elementor-size-default\">H\u00e1 d\u00favidas f\u00e1ceis de esclarecer. Conte connosco!<\/h2>\t\t\t\t<\/div>\n\t\t\t\t<\/div>\n\t\t\t\t\t<\/div>\n\t\t<\/div>\n\t\t\t\t\t<\/div>\n\t\t<\/section>\n\t\t\t\t<section class=\"elementor-section elementor-top-section elementor-element elementor-element-8958942 elementor-section-boxed elementor-section-height-default elementor-section-height-default\" data-id=\"8958942\" data-element_type=\"section\" data-e-type=\"section\">\n\t\t\t\t\t\t<div class=\"elementor-container elementor-column-gap-default\">\n\t\t\t\t\t<div class=\"elementor-column elementor-col-100 elementor-top-column elementor-element elementor-element-f78032a\" data-id=\"f78032a\" data-element_type=\"column\" data-e-type=\"column\">\n\t\t\t<div class=\"elementor-widget-wrap elementor-element-populated\">\n\t\t\t\t\t\t<div class=\"elementor-element elementor-element-f289744 elementor-widget elementor-widget-text-editor\" data-id=\"f289744\" data-element_type=\"widget\" data-e-type=\"widget\" data-widget_type=\"text-editor.default\">\n\t\t\t\t<div class=\"elementor-widget-container\">\n\t\t\t\t\t\t\t\t\t<p><strong>Qual o eixo certo para colocar pneus novos?<\/strong> Na AEGA defendemos que o melhor eixo para colocar pneus novos \u00e9 sempre o oposto ao eixo de tra\u00e7\u00e3o. Se a sua viatura tem tra\u00e7\u00e3o dianteira, ent\u00e3o os pneus novos devem entrar em rodagem no eixo traseiro. Em situa\u00e7\u00e3o de emerg\u00eancia, esta op\u00e7\u00e3o garante um recurso extra e pode fazer toda a diferen\u00e7a.\u00a0<strong>Lembre-se: A sua seguran\u00e7a est\u00e1 sempre em primeiro lugar.<\/strong><\/p><p><strong>Pneus vs. consumo de combust\u00edvel.<\/strong> S\u00e3o os pneus que \u201cagarram\u201d a sua viatura ao ch\u00e3o. Se estiverem em bom estado a performance \u00e9 melhor, o consumo de combust\u00edvel \u00e9 mais baixo. Al\u00e9m disso evita as sempre t\u00e3o desagrad\u00e1veis multas. Ganha sempre.<\/p><p><strong>Quando aciona o trav\u00e3o h\u00e1 um ru\u00eddo estranho?<\/strong> Marque uma passagem pela nossa oficina, pode poupar muito dinheiro e preocupa\u00e7\u00f5es. O \u201cchiar\u201d ou \u201croncar\u201d pode significar que as pastilhas de trav\u00e3o est\u00e3o a chegar ao fim da sua vida \u00fatil. Nesse caso podem falhar quando s\u00e3o mais precisas, como no caso de uma travagem de emerg\u00eancia. N\u00e3o ponha a sua seguran\u00e7a em risco e evite custos adicionais. <strong>Ao mudar as pastilhas de trav\u00e3o atempadamente evita o desgaste dos discos de trav\u00e3o e poupa dinheiro na manuten\u00e7\u00e3o da sua viatura.<\/strong><\/p><p><strong>Selo de inspe\u00e7\u00e3o no para brisas? Porqu\u00ea?\u00a0<\/strong>Deixou de ser obrigat\u00f3rio por lei apresentar o selo de inspe\u00e7\u00e3o peri\u00f3dica autom\u00f3vel no p\u00e1ra-brisas, mas na AEGA recomendamos que mantenha esta pr\u00e1tica. Porqu\u00ea? Sabemos que na correria das nossas vidas \u00e9 f\u00e1cil esquecermo-nos de datas importantes. <strong>Ao manter o selo verde vis\u00edvel \u00e9 mais f\u00e1cil ter a data presente e evitar aborrecimentos.<\/strong><\/p><p><strong>Quando fazer a inspe\u00e7\u00e3o?<\/strong> Os ve\u00edculos devem ser sujeitos \u00e0 inspe\u00e7\u00e3o em qualquer data at\u00e9 ao dia e m\u00eas do registo da matr\u00edcula, n\u00e3o podendo exceder os tr\u00eas meses de anteced\u00eancia. Circular com um ve\u00edculo sem a inspe\u00e7\u00e3o peri\u00f3dica autom\u00f3vel ou que n\u00e3o passou a inspe\u00e7\u00e3o extraordin\u00e1ria implica coimas que podem ir dos 250\u20ac aos 1.250\u20ac.<\/p>\t\t\t\t\t\t\t\t<\/div>\n\t\t\t\t<\/div>\n\t\t\t\t\t<\/div>\n\t\t<\/div>\n\t\t\t\t\t<\/div>\n\t\t<\/section>\n\t\t\t\t<section class=\"elementor-section elementor-top-section elementor-element elementor-element-6f2f4b6 elementor-section-boxed elementor-section-height-default elementor-section-height-default\" data-id=\"6f2f4b6\" data-element_type=\"section\" data-e-type=\"section\">\n\t\t\t\t\t\t<div class=\"elementor-container elementor-column-gap-default\">\n\t\t\t\t\t<div class=\"elementor-column elementor-col-100 elementor-top-column elementor-element elementor-element-8c9d859\" data-id=\"8c9d859\" data-element_type=\"column\" data-e-type=\"column\">\n\t\t\t<div class=\"elementor-widget-wrap elementor-element-populated\">\n\t\t\t\t\t\t<div class=\"elementor-element elementor-element-77ab1df elementor-arrows-position-inside elementor-pagination-position-outside elementor-widget elementor-widget-image-carousel\" data-id=\"77ab1df\" data-element_type=\"widget\" data-e-type=\"widget\" data-settings=\"{&quot;navigation&quot;:&quot;both&quot;,&quot;autoplay&quot;:&quot;yes&quot;,&quot;pause_on_hover&quot;:&quot;yes&quot;,&quot;pause_on_interaction&quot;:&quot;yes&quot;,&quot;autoplay_speed&quot;:5000,&quot;infinite&quot;:&quot;yes&quot;,&quot;speed&quot;:500}\" data-widget_type=\"image-carousel.default\">\n\t\t\t\t<div class=\"elementor-widget-container\">\n\t\t\t\t\t\t\t<div class=\"elementor-image-carousel-wrapper swiper\" role=\"region\" aria-roledescription=\"carousel\" aria-label=\"Image Carousel\" dir=\"ltr\">\n\t\t\t<div class=\"elementor-image-carousel swiper-wrapper\" aria-live=\"off\">\n\t\t\t\t\t\t\t\t<div class=\"swiper-slide\" role=\"group\" aria-roledescription=\"slide\" aria-label=\"1 of 5\"><figure class=\"swiper-slide-inner\"><img decoding=\"async\" class=\"swiper-slide-image\" src=\"https:\/\/www.aega.pt\/wp-content\/uploads\/2023\/01\/20221104_083121-150x150.jpg\" alt=\"20221104_083121\" \/><\/figure><\/div><div class=\"swiper-slide\" role=\"group\" aria-roledescription=\"slide\" aria-label=\"2 of 5\"><figure class=\"swiper-slide-inner\"><img decoding=\"async\" class=\"swiper-slide-image\" src=\"https:\/\/www.aega.pt\/wp-content\/uploads\/2023\/01\/pexels-cottonbro-studio-4480453-e1673562783564-150x150.jpg\" alt=\"pexels-cottonbro-studio-4480453\" \/><\/figure><\/div><div class=\"swiper-slide\" role=\"group\" aria-roledescription=\"slide\" aria-label=\"3 of 5\"><figure class=\"swiper-slide-inner\"><img decoding=\"async\" class=\"swiper-slide-image\" src=\"https:\/\/www.aega.pt\/wp-content\/uploads\/2023\/01\/glass-1749697_1920-150x150.jpg\" alt=\"glass-1749697_1920\" \/><\/figure><\/div><div class=\"swiper-slide\" role=\"group\" aria-roledescription=\"slide\" aria-label=\"4 of 5\"><figure class=\"swiper-slide-inner\"><img decoding=\"async\" class=\"swiper-slide-image\" src=\"https:\/\/www.aega.pt\/wp-content\/uploads\/2023\/01\/pexels-jae-park-4022545-1-150x150.jpg\" alt=\"pexels-jae-park-4022545\" \/><\/figure><\/div><div class=\"swiper-slide\" role=\"group\" aria-roledescription=\"slide\" aria-label=\"5 of 5\"><figure class=\"swiper-slide-inner\"><img decoding=\"async\" class=\"swiper-slide-image\" src=\"https:\/\/www.aega.pt\/wp-content\/uploads\/2023\/01\/pexels-andrea-piacquadio-3807386-150x150.jpg\" alt=\"pexels-andrea-piacquadio-3807386\" \/><\/figure><\/div>\t\t\t<\/div>\n\t\t\t\t\t\t\t\t\t\t\t\t<div class=\"elementor-swiper-button elementor-swiper-button-prev\" role=\"button\" tabindex=\"0\">\n\t\t\t\t\t\t<i aria-hidden=\"true\" class=\"eicon-chevron-left\"><\/i>\t\t\t\t\t<\/div>\n\t\t\t\t\t<div class=\"elementor-swiper-button elementor-swiper-button-next\" role=\"button\" tabindex=\"0\">\n\t\t\t\t\t\t<i aria-hidden=\"true\" class=\"eicon-chevron-right\"><\/i>\t\t\t\t\t<\/div>\n\t\t\t\t\n\t\t\t\t\t\t\t\t\t<div class=\"swiper-pagination\"><\/div>\n\t\t\t\t\t\t\t\t\t<\/div>\n\t\t\t\t\t\t<\/div>\n\t\t\t\t<\/div>\n\t\t\t\t\t<\/div>\n\t\t<\/div>\n\t\t\t\t\t<\/div>\n\t\t<\/section>\n\t\t\t\t<\/div>\n\t\t","protected":false},"excerpt":{"rendered":"<p>H\u00e1 d\u00favidas f\u00e1ceis de esclarecer. Conte connosco! Qual o eixo certo para colocar pneus novos? Na AEGA defendemos que o melhor eixo para colocar pneus novos \u00e9 sempre o oposto ao eixo de tra\u00e7\u00e3o. Se a sua viatura tem tra\u00e7\u00e3o dianteira, ent\u00e3o os pneus novos devem entrar em rodagem no eixo traseiro. Em situa\u00e7\u00e3o de [&hellip;]<\/p>\n","protected":false},"author":2,"featured_media":0,"parent":0,"menu_order":0,"comment_status":"closed","ping_status":"closed","template":"","meta":{"footnotes":""},"class_list":["post-784","page","type-page","status-publish","hentry"],"_links":{"self":[{"href":"https:\/\/www.aega.pt\/index.php?rest_route=\/wp\/v2\/pages\/784","targetHints":{"allow":["GET"]}}],"collection":[{"href":"https:\/\/www.aega.pt\/index.php?rest_route=\/wp\/v2\/pages"}],"about":[{"href":"https:\/\/www.aega.pt\/index.php?rest_route=\/wp\/v2\/types\/page"}],"author":[{"embeddable":true,"href":"https:\/\/www.aega.pt\/index.php?rest_route=\/wp\/v2\/users\/2"}],"replies":[{"embeddable":true,"href":"https:\/\/www.aega.pt\/index.php?rest_route=%2Fwp%2Fv2%2Fcomments&post=784"}],"version-history":[{"count":20,"href":"https:\/\/www.aega.pt\/index.php?rest_route=\/wp\/v2\/pages\/784\/revisions"}],"predecessor-version":[{"id":898,"href":"https:\/\/www.aega.pt\/index.php?rest_route=\/wp\/v2\/pages\/784\/revisions\/898"}],"wp:attachment":[{"href":"https:\/\/www.aega.pt\/index.php?rest_route=%2Fwp%2Fv2%2Fmedia&parent=784"}],"curies":[{"name":"wp","href":"https:\/\/api.w.org\/{rel}","templated":true}]}}