{"id":54,"date":"2021-08-20T09:56:50","date_gmt":"2021-08-20T09:56:50","guid":{"rendered":"https:\/\/www.aega.ga\/?page_id=54"},"modified":"2024-03-06T22:12:53","modified_gmt":"2024-03-06T22:12:53","slug":"quem-somos","status":"publish","type":"page","link":"https:\/\/www.aega.pt\/?page_id=54","title":{"rendered":"Quem Somos"},"content":{"rendered":"\t\t<div data-elementor-type=\"wp-page\" data-elementor-id=\"54\" class=\"elementor elementor-54\">\n\t\t\t\t\t\t<section class=\"elementor-section elementor-top-section elementor-element elementor-element-c9ff034 elementor-section-boxed elementor-section-height-default elementor-section-height-default\" data-id=\"c9ff034\" data-element_type=\"section\" data-e-type=\"section\">\n\t\t\t\t\t\t<div class=\"elementor-container elementor-column-gap-default\">\n\t\t\t\t\t<div class=\"elementor-column elementor-col-100 elementor-top-column elementor-element elementor-element-e0cdf5a\" data-id=\"e0cdf5a\" data-element_type=\"column\" data-e-type=\"column\">\n\t\t\t<div class=\"elementor-widget-wrap elementor-element-populated\">\n\t\t\t\t\t\t<div class=\"elementor-element elementor-element-d62108c elementor-widget elementor-widget-heading\" data-id=\"d62108c\" data-element_type=\"widget\" data-e-type=\"widget\" data-widget_type=\"heading.default\">\n\t\t\t\t<div class=\"elementor-widget-container\">\n\t\t\t\t\t<h2 class=\"elementor-heading-title elementor-size-default\">Pelo sonho \u00e9 que vamos. Conte connosco!<\/h2>\t\t\t\t<\/div>\n\t\t\t\t<\/div>\n\t\t\t\t\t<\/div>\n\t\t<\/div>\n\t\t\t\t\t<\/div>\n\t\t<\/section>\n\t\t\t\t<section class=\"elementor-section elementor-top-section elementor-element elementor-element-b38c85b elementor-section-boxed elementor-section-height-default elementor-section-height-default\" data-id=\"b38c85b\" data-element_type=\"section\" data-e-type=\"section\">\n\t\t\t\t\t\t<div class=\"elementor-container elementor-column-gap-default\">\n\t\t\t\t\t<div class=\"elementor-column elementor-col-100 elementor-top-column elementor-element elementor-element-3f26b06\" data-id=\"3f26b06\" data-element_type=\"column\" data-e-type=\"column\">\n\t\t\t<div class=\"elementor-widget-wrap elementor-element-populated\">\n\t\t\t\t\t\t<div class=\"elementor-element elementor-element-6919d87 elementor-widget elementor-widget-text-editor\" data-id=\"6919d87\" data-element_type=\"widget\" data-e-type=\"widget\" data-widget_type=\"text-editor.default\">\n\t\t\t\t<div class=\"elementor-widget-container\">\n\t\t\t\t\t\t\t\t\t<p>Ao servi\u00e7o da repara\u00e7\u00e3o autom\u00f3vel desde <strong>15 de mar\u00e7o de 1993<\/strong>, a AEGA &#8211; Auto El\u00e9ctrica da Galiza Lda. nasceu com a vertente de repara\u00e7\u00f5es el\u00e9tricas auto, montagem de alarmes, r\u00e1dios e telem\u00f3veis. Em <strong>1997<\/strong>, alarg\u00e1mos a atividade inaugurando uma loja exclusivamente dedicada \u00e0s telecomunica\u00e7\u00f5es m\u00f3veis, em S. Jo\u00e3o do Estoril.\u00a0Em <strong>2006<\/strong>, sempre com a mesma din\u00e2mica, estendemos os nossos servi\u00e7os \u00e0 mec\u00e2nica e repara\u00e7\u00e3o autom\u00f3vel abrindo instala\u00e7\u00f5es em Manique. Instal\u00e1mo-nos, finalmente, no atual complexo empresarial, na Estrada de Manique, para beneficiar de instala\u00e7\u00f5es mais amplas e de uma localiza\u00e7\u00e3o mais central.Uma mudan\u00e7a para dar resposta \u00e0 boa recetividade dos clientes, cuja exig\u00eancia de qualidade \u00e9 o nosso grande desafio cumprido ano ap\u00f3s ano.<\/p><p><strong>Venha conhecer-nos. Estamos ao seu servi\u00e7o.<\/strong><\/p>\t\t\t\t\t\t\t\t<\/div>\n\t\t\t\t<\/div>\n\t\t\t\t\t<\/div>\n\t\t<\/div>\n\t\t\t\t\t<\/div>\n\t\t<\/section>\n\t\t\t\t<section class=\"elementor-section elementor-top-section elementor-element elementor-element-56c042b elementor-section-boxed elementor-section-height-default elementor-section-height-default\" data-id=\"56c042b\" data-element_type=\"section\" data-e-type=\"section\">\n\t\t\t\t\t\t<div class=\"elementor-container elementor-column-gap-no\">\n\t\t\t\t\t<div class=\"elementor-column elementor-col-100 elementor-top-column elementor-element elementor-element-a4f3d6d\" data-id=\"a4f3d6d\" data-element_type=\"column\" data-e-type=\"column\">\n\t\t\t<div class=\"elementor-widget-wrap elementor-element-populated\">\n\t\t\t\t\t\t<div class=\"elementor-element elementor-element-49d1110 elementor-position-left elementor-vertical-align-top elementor-widget elementor-widget-image-box\" data-id=\"49d1110\" data-element_type=\"widget\" data-e-type=\"widget\" data-widget_type=\"image-box.default\">\n\t\t\t\t<div class=\"elementor-widget-container\">\n\t\t\t\t\t<div class=\"elementor-image-box-wrapper\"><figure class=\"elementor-image-box-img\"><img fetchpriority=\"high\" decoding=\"async\" width=\"1080\" height=\"1080\" src=\"https:\/\/www.aega.pt\/wp-content\/uploads\/2023\/03\/Nuno-com-bolo.jpg\" class=\"attachment-full size-full wp-image-1045\" alt=\"\" srcset=\"https:\/\/www.aega.pt\/wp-content\/uploads\/2023\/03\/Nuno-com-bolo.jpg 1080w, https:\/\/www.aega.pt\/wp-content\/uploads\/2023\/03\/Nuno-com-bolo-300x300.jpg 300w, https:\/\/www.aega.pt\/wp-content\/uploads\/2023\/03\/Nuno-com-bolo-1024x1024.jpg 1024w, https:\/\/www.aega.pt\/wp-content\/uploads\/2023\/03\/Nuno-com-bolo-150x150.jpg 150w, https:\/\/www.aega.pt\/wp-content\/uploads\/2023\/03\/Nuno-com-bolo-768x768.jpg 768w, https:\/\/www.aega.pt\/wp-content\/uploads\/2023\/03\/Nuno-com-bolo-100x100.jpg 100w\" sizes=\"(max-width: 1080px) 100vw, 1080px\" \/><\/figure><div class=\"elementor-image-box-content\"><h3 class=\"elementor-image-box-title\">\"Uma das maiores etapas da minha vida\"<\/h3><p class=\"elementor-image-box-description\">\"Faz hoje, 15 de mar\u00e7o de 2023, precisamente 30 anos que abracei este projeto. Realizei um sonho acreditei em mim a avancei para uma das maiores etapas da minha vida. Entre suor e l\u00e1grimas, a AEGA cresceu. Nem tudo foi um mar de rosas, mas venceram a perseveran\u00e7a e a vontade de realizar o projeto de uma vida. Tive a sorte de ter uma mulher e uma fam\u00edlia que sempre acreditaram e confiaram em mim e, nas horas mais dif\u00edceis, l\u00e1 estavam eles. Tamb\u00e9m n\u00e3o posso a deixar de agradecer a todos os colaboradores que, ao longo destes 30 anos, me ajudaram e todos os dias contribuem para manter de p\u00e9 aquilo em que nos torn\u00e1mos. Um agradecimento a todos os clientes e amigos que, desde a primeira hora, confiam em n\u00f3s. Obrigado. Bem hajam todos!\" \n\nNuno Paes de Carvalho<\/p><\/div><\/div>\t\t\t\t<\/div>\n\t\t\t\t<\/div>\n\t\t\t\t\t<\/div>\n\t\t<\/div>\n\t\t\t\t\t<\/div>\n\t\t<\/section>\n\t\t\t\t<section class=\"elementor-section elementor-top-section elementor-element elementor-element-4f7d1d0 elementor-section-full_width elementor-section-height-default elementor-section-height-default\" data-id=\"4f7d1d0\" data-element_type=\"section\" data-e-type=\"section\">\n\t\t\t\t\t\t<div class=\"elementor-container elementor-column-gap-custom\">\n\t\t\t\t\t<div class=\"elementor-column elementor-col-100 elementor-top-column elementor-element elementor-element-59182ed\" data-id=\"59182ed\" data-element_type=\"column\" data-e-type=\"column\">\n\t\t\t<div class=\"elementor-widget-wrap elementor-element-populated\">\n\t\t\t\t\t\t<div class=\"elementor-element elementor-element-795b1e6 elementor-widget elementor-widget-counter\" data-id=\"795b1e6\" data-element_type=\"widget\" data-e-type=\"widget\" data-widget_type=\"counter.default\">\n\t\t\t\t<div class=\"elementor-widget-container\">\n\t\t\t\t\t\t\t<div class=\"elementor-counter\">\n\t\t\t<div class=\"elementor-counter-title\">A celebrar 31 anos de atividade. Obrigado pela confian\u00e7a!<\/div>\t\t\t<div class=\"elementor-counter-number-wrapper\">\n\t\t\t\t<span class=\"elementor-counter-number-prefix\"><\/span>\n\t\t\t\t<span class=\"elementor-counter-number\" data-duration=\"2000\" data-to-value=\"31\" data-from-value=\"0\" data-delimiter=\",\">0<\/span>\n\t\t\t\t<span class=\"elementor-counter-number-suffix\"><\/span>\n\t\t\t<\/div>\n\t\t<\/div>\n\t\t\t\t\t\t<\/div>\n\t\t\t\t<\/div>\n\t\t\t\t<div class=\"elementor-element elementor-element-3d7ec53 elementor-arrows-position-inside elementor-pagination-position-outside elementor-widget elementor-widget-image-carousel\" data-id=\"3d7ec53\" data-element_type=\"widget\" data-e-type=\"widget\" data-settings=\"{&quot;_animation&quot;:&quot;none&quot;,&quot;navigation&quot;:&quot;both&quot;,&quot;autoplay&quot;:&quot;yes&quot;,&quot;pause_on_hover&quot;:&quot;yes&quot;,&quot;pause_on_interaction&quot;:&quot;yes&quot;,&quot;autoplay_speed&quot;:5000,&quot;infinite&quot;:&quot;yes&quot;,&quot;speed&quot;:500}\" data-widget_type=\"image-carousel.default\">\n\t\t\t\t<div class=\"elementor-widget-container\">\n\t\t\t\t\t\t\t<div class=\"elementor-image-carousel-wrapper swiper\" role=\"region\" aria-roledescription=\"carousel\" aria-label=\"Image Carousel\" dir=\"ltr\">\n\t\t\t<div class=\"elementor-image-carousel swiper-wrapper\" aria-live=\"off\">\n\t\t\t\t\t\t\t\t<div class=\"swiper-slide\" role=\"group\" aria-roledescription=\"slide\" aria-label=\"1 of 11\"><figure class=\"swiper-slide-inner\"><img decoding=\"async\" class=\"swiper-slide-image\" src=\"https:\/\/www.aega.pt\/wp-content\/uploads\/2023\/03\/WhatsApp-Image-2023-03-15-at-15.48.31-1-150x150.jpeg\" alt=\"WhatsApp Image 2023-03-15 at 15.48.31 (1)\" \/><\/figure><\/div><div class=\"swiper-slide\" role=\"group\" aria-roledescription=\"slide\" aria-label=\"2 of 11\"><figure class=\"swiper-slide-inner\"><img decoding=\"async\" class=\"swiper-slide-image\" src=\"https:\/\/www.aega.pt\/wp-content\/uploads\/2023\/01\/WhatsApp-Image-2023-01-02-at-19.55.58-4-e1673559804108-150x150.jpeg\" alt=\"WhatsApp Image 2023-01-02 at 19.55.58 (4)\" \/><\/figure><\/div><div class=\"swiper-slide\" role=\"group\" aria-roledescription=\"slide\" aria-label=\"3 of 11\"><figure class=\"swiper-slide-inner\"><img decoding=\"async\" class=\"swiper-slide-image\" src=\"https:\/\/www.aega.pt\/wp-content\/uploads\/2023\/03\/30-anos_01-150x150.jpg\" alt=\"30 anos_01\" \/><\/figure><\/div><div class=\"swiper-slide\" role=\"group\" aria-roledescription=\"slide\" aria-label=\"4 of 11\"><figure class=\"swiper-slide-inner\"><img decoding=\"async\" class=\"swiper-slide-image\" src=\"https:\/\/www.aega.pt\/wp-content\/uploads\/2023\/01\/pexels-pixabay-104836-150x150.jpg\" alt=\"pexels-pixabay-104836\" \/><\/figure><\/div><div class=\"swiper-slide\" role=\"group\" aria-roledescription=\"slide\" aria-label=\"5 of 11\"><figure class=\"swiper-slide-inner\"><img decoding=\"async\" class=\"swiper-slide-image\" src=\"https:\/\/www.aega.pt\/wp-content\/uploads\/2023\/01\/pexels-cottonbro-studio-4480452-150x150.jpg\" alt=\"pexels-cottonbro-studio-4480452\" \/><\/figure><\/div><div class=\"swiper-slide\" role=\"group\" aria-roledescription=\"slide\" aria-label=\"6 of 11\"><figure class=\"swiper-slide-inner\"><img decoding=\"async\" class=\"swiper-slide-image\" src=\"https:\/\/www.aega.pt\/wp-content\/uploads\/2023\/01\/pexels-jae-park-4022545-1-150x150.jpg\" alt=\"pexels-jae-park-4022545\" \/><\/figure><\/div><div class=\"swiper-slide\" role=\"group\" aria-roledescription=\"slide\" aria-label=\"7 of 11\"><figure class=\"swiper-slide-inner\"><img decoding=\"async\" class=\"swiper-slide-image\" src=\"https:\/\/www.aega.pt\/wp-content\/uploads\/2023\/01\/WhatsApp-Image-2023-01-02-at-19.55.58-2-150x150.jpeg\" alt=\"WhatsApp Image 2023-01-02 at 19.55.58 (2)\" \/><\/figure><\/div><div class=\"swiper-slide\" role=\"group\" aria-roledescription=\"slide\" aria-label=\"8 of 11\"><figure class=\"swiper-slide-inner\"><img decoding=\"async\" class=\"swiper-slide-image\" src=\"https:\/\/www.aega.pt\/wp-content\/uploads\/2023\/01\/pexels-gerd-altmann-21694-150x150.jpg\" alt=\"pexels-gerd-altmann-21694\" \/><\/figure><\/div><div class=\"swiper-slide\" role=\"group\" aria-roledescription=\"slide\" aria-label=\"9 of 11\"><figure class=\"swiper-slide-inner\"><img decoding=\"async\" class=\"swiper-slide-image\" src=\"https:\/\/www.aega.pt\/wp-content\/uploads\/2023\/01\/WhatsApp-Image-2023-01-02-at-19.56.00-150x150.jpeg\" alt=\"WhatsApp Image 2023-01-02 at 19.56.00\" \/><\/figure><\/div><div class=\"swiper-slide\" role=\"group\" aria-roledescription=\"slide\" aria-label=\"10 of 11\"><figure class=\"swiper-slide-inner\"><img decoding=\"async\" class=\"swiper-slide-image\" src=\"https:\/\/www.aega.pt\/wp-content\/uploads\/2023\/01\/pexels-mike-b-190574-150x150.jpg\" alt=\"pexels-mike-b-190574\" \/><\/figure><\/div><div class=\"swiper-slide\" role=\"group\" aria-roledescription=\"slide\" aria-label=\"11 of 11\"><figure class=\"swiper-slide-inner\"><img decoding=\"async\" class=\"swiper-slide-image\" src=\"https:\/\/www.aega.pt\/wp-content\/uploads\/2023\/01\/WhatsApp-Image-2023-01-02-at-19.55.59-150x150.jpeg\" alt=\"WhatsApp Image 2023-01-02 at 19.55.59\" \/><\/figure><\/div>\t\t\t<\/div>\n\t\t\t\t\t\t\t\t\t\t\t\t<div class=\"elementor-swiper-button elementor-swiper-button-prev\" role=\"button\" tabindex=\"0\">\n\t\t\t\t\t\t<i aria-hidden=\"true\" class=\"eicon-chevron-left\"><\/i>\t\t\t\t\t<\/div>\n\t\t\t\t\t<div class=\"elementor-swiper-button elementor-swiper-button-next\" role=\"button\" tabindex=\"0\">\n\t\t\t\t\t\t<i aria-hidden=\"true\" class=\"eicon-chevron-right\"><\/i>\t\t\t\t\t<\/div>\n\t\t\t\t\n\t\t\t\t\t\t\t\t\t<div class=\"swiper-pagination\"><\/div>\n\t\t\t\t\t\t\t\t\t<\/div>\n\t\t\t\t\t\t<\/div>\n\t\t\t\t<\/div>\n\t\t\t\t\t<\/div>\n\t\t<\/div>\n\t\t\t\t\t<\/div>\n\t\t<\/section>\n\t\t\t\t<\/div>\n\t\t","protected":false},"excerpt":{"rendered":"<p>Pelo sonho \u00e9 que vamos. Conte connosco! Ao servi\u00e7o da repara\u00e7\u00e3o autom\u00f3vel desde 15 de mar\u00e7o de 1993, a AEGA &#8211; Auto El\u00e9ctrica da Galiza Lda. nasceu com a vertente de repara\u00e7\u00f5es el\u00e9tricas auto, montagem de alarmes, r\u00e1dios e telem\u00f3veis. Em 1997, alarg\u00e1mos a atividade inaugurando uma loja exclusivamente dedicada \u00e0s telecomunica\u00e7\u00f5es m\u00f3veis, em S. [&hellip;]<\/p>\n","protected":false},"author":1,"featured_media":0,"parent":0,"menu_order":0,"comment_status":"closed","ping_status":"closed","template":"","meta":{"footnotes":""},"class_list":["post-54","page","type-page","status-publish","hentry"],"_links":{"self":[{"href":"https:\/\/www.aega.pt\/index.php?rest_route=\/wp\/v2\/pages\/54","targetHints":{"allow":["GET"]}}],"collection":[{"href":"https:\/\/www.aega.pt\/index.php?rest_route=\/wp\/v2\/pages"}],"about":[{"href":"https:\/\/www.aega.pt\/index.php?rest_route=\/wp\/v2\/types\/page"}],"author":[{"embeddable":true,"href":"https:\/\/www.aega.pt\/index.php?rest_route=\/wp\/v2\/users\/1"}],"replies":[{"embeddable":true,"href":"https:\/\/www.aega.pt\/index.php?rest_route=%2Fwp%2Fv2%2Fcomments&post=54"}],"version-history":[{"count":57,"href":"https:\/\/www.aega.pt\/index.php?rest_route=\/wp\/v2\/pages\/54\/revisions"}],"predecessor-version":[{"id":1106,"href":"https:\/\/www.aega.pt\/index.php?rest_route=\/wp\/v2\/pages\/54\/revisions\/1106"}],"wp:attachment":[{"href":"https:\/\/www.aega.pt\/index.php?rest_route=%2Fwp%2Fv2%2Fmedia&parent=54"}],"curies":[{"name":"wp","href":"https:\/\/api.w.org\/{rel}","templated":true}]}}